u = 2 - 14. Let o = -3 - u. List the prime factors of o.
3
Suppose -5*u = -u - 160. What are the prime factors of u?
2, 5
Suppose 0 = 4*y + 3*y - 217. What are the prime factors of y?
31
Let v(p) = p**2 + 9*p + 3. Let w be v(-6). List the prime factors of w/(-2)*4/5.
2, 3
Suppose -z = -3*c - 17, -3*c + 6 = 5*z - 7. Suppose 0*h + z = h. List the prime factors of h.
5
Let g(p) = -p**2 + 4*p - 2. Let y be g(2). Suppose 4*h - 7 = 3*h - 5*k, 5*k = 3*h - 41. Let f = h - y. List the prime factors of f.
2, 5
Let p(n) = -3 + 2*n**2 + 5 - 2*n - 2*n. What are the prime factors of p(4)?
2, 3
Suppose -r - 48 = -2*r + 4*g, 0 = r + 3*g - 76. What are the prime factors of r*(0 - 3/(-6))?
2
Let p be 0/(-1) - -33*3. What are the prime factors of p/6*(5 - 3)?
3, 11
Let o(r) = -r**2 + 6*r + 1. Let p be o(5). Suppose 0 = p*f - 2*f - 192. Suppose 2*k - 6*k - 3*b = -60, 3*k + 3*b = f. List the prime factors of k.
2, 3
Let p(i) = i**2 - i. Let h be p(-1). Let s be 2*h*1/2. Suppose -3*j + 13 = 3*m + m, -s*m = -5*j - 13. List the prime factors of m.
2
Let d = 38 - -5. What are the prime factors of d?
43
Let t = 3 - -14. List the prime factors of t.
17
Let j(o) = -o**2 - 4*o + 2. Let v be j(-4). Suppose 0 = -2*i - v*i - 2*a + 20, 12 = 3*a. List the prime factors of i.
3
Let f(y) = 7 - 11*y - 4 + 1. Let h be f(-6). Suppose 9*l = 4*l + h. What are the prime factors of l?
2, 7
What are the prime factors of (-9)/3 - -49 - -3?
7
Let h be ((-2)/2)/(1/10). Let v = 39 + h. What are the prime factors of v?
29
Let b(n) be the second derivative of -n**6/360 + n**5/60 - n**4/12 - 2*n. Let d(f) be the third derivative of b(f). List the prime factors of d(-5).
2, 3
Let y = -253 - -411. List the prime factors of y.
2, 79
Suppose 3*p = -p. Let s(b) = 5*b + 14. Let a(v) = 11*v + 29. Let h(k) = -4*a(k) + 9*s(k). What are the prime factors of h(p)?
2, 5
Let z(l) = -l**2 + 22. What are the prime factors of z(0)?
2, 11
Let q = -3 - -6. Suppose -5*p + 75 = 5*a, -2*p + 5*p = q*a - 33. List the prime factors of a.
13
Suppose -5*v = -n - 1705, -2*v - n = 4*n - 655. What are the prime factors of v?
2, 5, 17
Let k(c) = -c**2 - 10*c - 8. Let h be k(-8). Suppose 2*x = h + 14. Suppose 0*p = -p + x. What are the prime factors of p?
11
Let b(c) = -c**3 + 7*c**2 + 5*c - 7. What are the prime factors of b(7)?
2, 7
Let o(d) = d**3 - 3*d**2 - 3*d - 4. Let i be o(4). Suppose 3*q - 99 - 18 = i. What are the prime factors of q?
3, 13
Let r(t) = -t. Let k be r(-7). Suppose 2*n = -4, -k = -3*m - 3*n + 2. List the prime factors of m.
5
Let z(c) = -c**2 - 5*c. Let j be z(-5). Let v(a) = -a**2 - a + 14. What are the prime factors of v(j)?
2, 7
What are the prime factors of (-3 + 2)/(-4 - (-1430)/358)?
179
Let q(h) = h**3 + 5*h**2 + 2*h - 1. What are the prime factors of q(-3)?
11
List the prime factors of ((-16)/(-32))/(914/456 + -2).
2, 3, 19
Let v = -24 + 41. Suppose -2*f + v - 3 = 0. Let w(s) = -s**3 + 6*s**2 + 8*s - 5. List the prime factors of w(f).
2
Suppose 12*p - 90 = 2*p. List the prime factors of p.
3
What are the prime factors of 7*(3 - 39/(-7))?
2, 3, 5
Suppose 0 = 4*m - 9*m + 15. Suppose -3*d + m*s + 1 = -2, 2*d - s = 0. Let j(a) = -10*a**3 - a**2 - 2*a - 1. List the prime factors of j(d).
2, 5
Let b(d) be the first derivative of -d**3/3 - 6*d**2 - 7*d - 5. What are the prime factors of b(-8)?
5
Suppose -m + 10 = 3. List the prime factors of m - (2*-3 + 3).
2, 5
What are the prime factors of -2 + 46 + -6 + 1 + -1?
2, 19
Let r(z) = -9*z - 30. List the prime factors of r(-14).
2, 3
Let t(k) = 3*k + 3. Let h be t(3). Suppose 0 = 3*w + h - 99. List the prime factors of w.
29
Suppose q - 224 = -3*q. Let p = q - 36. What are the prime factors of p?
2, 5
Suppose 2*g = 2*x, 2*g + 4*x + x = 0. Let r = g + 5. Suppose 5*j - 20 = 0, -r*o - 6*j + j + 35 = 0. List the prime factors of o.
3
Let j(k) = k**3 - 3*k**2 - 4*k + 2. Let f be j(4). Suppose f*u + 5*o - 49 = 0, 0*u + o + 136 = 5*u. Suppose -3*y = -21 - u. List the prime factors of y.
2
Let n = -11 - -20. Suppose -5*y = -n - 46. What are the prime factors of 4/(-22) - (-178)/y?
2
Let f(a) = 3*a - 3. Let v(m) = 2*m - 1. Let g(b) = 5*f(b) - 9*v(b). List the prime factors of g(-3).
3
Let m(b) = -b**2 - 1. Let y(s) = 2*s**2 + 2. Let d(w) = -3*m(w) - y(w). What are the prime factors of d(-1)?
2
Let n(h) = h**2 - 14*h + 5. Let v be n(14). Let b be (-10)/25 + 7/v. Suppose 15 = -5*t, -2*l - 2*t - b + 27 = 0. What are the prime factors of l?
2
Suppose -4*q + 9 - 1 = 0. Suppose 4*u + 8 - 28 = 0. Suppose -84 = -4*g - u*v, 4*v - 42 = -q*g + 8*v. What are the prime factors of g?
3, 7
Suppose -3*g = h - 2*h + 16, 0 = h + 5*g - 40. Suppose -2*y = h - 81. List the prime factors of y.
2, 7
Suppose 0 = 3*q - 130 - 20. Suppose -7*c - 2*t + q = -3*c, 5*c - 66 = t. List the prime factors of c.
13
What are the prime factors of (-48)/(-1) + 5*(-2)/5?
2, 23
Let y(f) = f + 6. Let i be y(-6). Suppose i = -6*x + x + 5, 2*x = 2*w - 6. What are the prime factors of w?
2
What are the prime factors of (-925)/10*(-2 - 0)?
5, 37
Suppose -4*p + 3*p + 27 = 0. List the prime factors of p.
3
Let x = -37 + 114. What are the prime factors of x?
7, 11
Let v = -35 + 22. Let u = v + 35. What are the prime factors of u?
2, 11
Let u(v) = v**2 + v + 12. Let f be u(0). Suppose -5*g = 4*a + 4, 4*a - f + 0 = -g. Suppose 0 = -0*k + a*k - 32. List the prime factors of k.
2
Let k = -35 + 84. List the prime factors of k.
7
Let g(s) = s**3 - 6*s**2 + 5*s + 3. Let h be g(7). Suppose -2*k = 2*t - 56, 2*k - 3*t - h = -6. List the prime factors of k.
3, 11
Suppose 0 = 3*l + 4*u - 18, 5*l + 0*u = 4*u - 2. Let w be 114/(-10) - l/(-5). Let f = 15 + w. List the prime factors of f.
2
Let f(z) = 3*z**2 - 10*z - 29. Let d(r) = -2*r**2 + 7*r + 19. Let g(h) = -7*d(h) - 5*f(h). Let a be 0/((-2)/(1/1)). What are the prime factors of g(a)?
2, 3
Let w = 12 - 8. List the prime factors of (-1)/w - (-90)/8.
11
Suppose -1 = -u + 5. Suppose 4*z + k = u*k + 89, 0 = -4*z + 2*k + 86. Suppose h - 5*i = -9 + z, 2*h + 6 = -5*i. What are the prime factors of h?
2
Suppose 4*h - 14 = 6. Suppose n - h*n = -152. What are the prime factors of n?
2, 19
Let l(c) = -c**2 - 6*c + 2. Let k be l(-6). Suppose 2*a = -2*j + 16, 4*a = -k*j - j + 32. What are the prime factors of a?
2
Let w(q) = -9*q + 4. List the prime factors of w(-7).
67
Suppose 8*i - 434 = -6*i. What are the prime factors of i?
31
Let i = 7 + -1. Suppose -i = 4*l + 10. List the prime factors of (-22)/4*(l + 2).
11
Suppose 5*z + 190 = 5*x, 2*z - 4 - 4 = 0. Let h be -1*3*(0 + -1). Suppose 6*b - h*b - x = 0. List the prime factors of b.
2, 7
Suppose d + 5*b - 178 = -68, -5*d + 650 = 5*b. Suppose -d = 4*m - 9*m. List the prime factors of m.
3
Suppose 0 = 3*y - 14 - 34. Suppose -3*r - r = -y. What are the prime factors of r?
2
Suppose 5*m = -4*t + 57, 2*m - 3*m + 37 = 4*t. Let y = -4 + t. Suppose 51 + 17 = y*v. List the prime factors of v.
17
Let z = 11 + 65. List the prime factors of z.
2, 19
Let i(r) = -r**2 + 17*r - 15. What are the prime factors of i(7)?
5, 11
Let h(q) = 0 + 3*q**2 - 2*q**3 + 3*q**3 + 11 - 2*q**2. List the prime factors of h(0).
11
Suppose -2*a - 4*g - 14 = 0, 5*a - 3*g - 29 = 1. Let s(h) = -7*h**3 + h**2. Let t be s(-1). Suppose -4 - t = -a*p. List the prime factors of p.
2
Let t(n) be the first derivative of 15*n**2/2 + n - 1. Let u be t(1). Suppose 1 - u = -5*g. List the prime factors of g.
3
Let k be (3 + 0)*(-110)/(-6). Suppose -3*n + k = -59. List the prime factors of n.
2, 19
Let o(x) = x**2 - 6*x + 20. What are the prime factors of o(8)?
2, 3
What are the prime factors of (-14 - -26)*(1 + (18 - -1))?
2, 3, 5
Let x(h) = h - 10. Let w(z) = 1. Let y(k) = 2*w(k) - x(k). Suppose 2*l - 12 = 4. List the prime factors of y(l).
2
Let h be 0 - (-6 - 1*-2). Suppose -2*i = 2*w - 6*i + h, -5*w + 3*i + 11 = 0. Suppose 0 = -w*m - 21 + 65. List the prime factors of m.
11
Let m(s) = 37*s**2 - 2*s - 1. Let p be (-2 + (-10)/(-4))*-2. Let y be m(p). Suppose 0 = 4*z - 6*z + y. List the prime factors of z.
19
Let x(a) = 8*a**2 + 1. Let j(y) = -y**3 + y**2 + y + 6. Let f be j(0). Let m be f/9*(-3)/(-2). List the prime factors of x(m).
3
Let h be 14/4*-1*-2. Suppose -4*s = -5 - h. Suppose 2*q + 2*l - 4*l + 2 = 0, 0 = -5*q + 3*l + s. List the prime factors of q.
3
Let w = -1 - -4.